{"id":706,"date":"2009-01-23T17:54:24","date_gmt":"2009-01-23T15:54:24","guid":{"rendered":"http:\/\/www.majdankrolewski.eu\/?page_id=706"},"modified":"2012-09-30T13:40:05","modified_gmt":"2012-09-30T11:40:05","slug":"kultura","status":"publish","type":"page","link":"https:\/\/www.majdankrolewski.eu\/index.php\/kultura\/","title":{"rendered":"Kultura"},"content":{"rendered":"<p><strong><big><em><\/em><\/big><\/strong>\u00a0<\/p>\n<p style=\"text-align: center;\"><span style=\"color: #ff0000;\"><strong><big><em>Kliknij, by wej\u015b\u0107 na stron\u0119 Facebook GOK w Majdnie Kr\u00f3lewskim<br \/>\n<\/em><\/big><\/strong><\/span><\/p>\n<div>\n<div style=\"text-align: center;\"><span style=\"color: #0000ff;\"><strong>Oficjalny fanpage Gminnego O\u015brodka Kultury w Majdanie Kr\u00f3lewskim<\/strong><\/span><\/div>\n<\/div>\n<p style=\"text-align: center;\">\u00a0<\/p>\n<p><a href=\"http:\/\/www.facebook.com\/gokmajdankrol\"><img loading=\"lazy\" decoding=\"async\" class=\"aligncenter\" src=\"http:\/\/www.majdankrolewski.eu\/pliki\/facebook.jpg\" alt=\"\" width=\"145\" height=\"56\" \/><\/a><\/p>\n<p><strong><big><em><\/em><\/big><\/strong>\u00a0<\/p>\n<p><strong><big><em>Gminny O\u015brodek Kultury<\/em><\/big> <\/strong><\/p>\n<p>ul. Rzeszowska 8<br \/>\n36-110 Majdan Kr\u00f3lewski<br \/>\ntel.\/faks: (15) 847-10-83<br \/>\n<big><em>Gminny O\u015brodek Kultury<br \/>\nw Majdanie Kr\u00f3lewskim prowadzi:<\/em><\/big><\/p>\n<ul>\n<li><em><\/em>\n<ul type=\"square\">\n<li><em>zaj\u0119cia plastyczne,<\/em><\/li>\n<\/ul>\n<\/li>\n<\/ul>\n<p>&nbsp;<\/p>\n<ul type=\"square\">\n<li><em>zaj\u0119cia muzyczne &#8211; zespo\u0142y instrumentalno-wokalne, obrz\u0119dowy Ko\u0142a Gospody\u0144 Wiejskich z Huty Komorowskiej, \u015bpiewaczy &#8211; Ko\u0142a Gospody\u0144 Wiejskich z Majdanu Kr\u00f3lewskiego,<\/em><\/li>\n<li><em>k\u00f3\u0142ko teatralne,<\/em><\/li>\n<li><em>organizacje uroczysto\u015bci gminnych,<\/em><\/li>\n<li><em>organizacje konkurs\u00f3w muzycznych i recytatorskich, <\/em><\/li>\n<li><em>kino<\/em><\/li>\n<\/ul>\n<p>&nbsp;<\/p>\n<p><strong>Gminna Biblioteka Publiczna<\/strong><\/p>\n<p>ul. Rzeszowska 8<br \/>\n36-110 Majdan Kr\u00f3lewski<br \/>\ntel.\/faks: (15) 847-10-90<br \/>\ne-mail: <a href=\"mailto:biblmajdan@interia.pl?subiect=Kontakt\">biblmajdan@interia.pl<\/a><br \/>\nPoniedzia\u0142ek &#8211; Pi\u0105tek 9:00 &#8211; 18:00<br \/>\nLiczba zbior\u00f3w Gminnej Biblioteki Publicznej<br \/>\nw Majdanie Kr\u00f3lewskim wyno\u015bi ok 30000.<br \/>\n<big><em>Filie i punkty biblioteczne<\/em><\/big><br \/>\nKrz\u0105tka 383<br \/>\n36-110 Majdan Kr\u00f3lewski<\/p>\n<p>Godziny otwarcia:<br \/>\nPoniedzia\u0142ek 11:00 &#8211; 15:30<br \/>\nWtorek 10:00 &#8211; 15:00<br \/>\n\u015aroda 11:00 &#8211; 17:30<br \/>\nCzwartek 10:00 &#8211; 15:00<br \/>\nLiczba zbior\u00f3w Filji Gminnej Biblioteki Publicznej w Krz\u0105tce wyno\u015bi ok 8000.<\/p>\n<p><strong><em>Punkty biblioteczne dzioa\u0142aj\u0105 w Gimnazjum w Majdanie Kr\u00f3lewskim oraz w Szkole Podstawowej w Komorowie.<\/em><\/strong><\/p>\n<h2>Gminna Biblioteka Publiczna w Majdanie Kr\u00f3lewskim Prowadzi:<\/h2>\n<p>&nbsp;<\/p>\n<p>&nbsp;<\/p>\n<p>&nbsp;<\/p>\n<ul type=\"square\">\n<li><em>kursy j\u0119zykowe,<\/em><\/li>\n<\/ul>\n<p>&nbsp;<\/p>\n<ul type=\"square\">\n<li><em>czytelni\u0119 internetow\u0105,<\/em><\/li>\n<\/ul>\n<p>&nbsp;<\/p>\n<ul type=\"square\">\n<li><em>wystawy okoliczno\u015bciowe (np. Wystawa z okazji 55-lecia Gminnej Biblioteki Publicznej i inne), <\/em><\/li>\n<li><em>liczne zaj\u0119cia z dzie\u0107mi:<\/em><em> <\/em>\n<ul type=\"circle\">\n<li><em>zaj\u0119cia i konkursy plastyczne.<\/em><\/li>\n<\/ul>\n<\/li>\n<\/ul>\n<p>&nbsp;<\/p>\n<ul type=\"circle\">\n<li><em>konkursy literackie(np.&#8221;W skrzyd\u0142ach mi\u0142o\u015bci&#8221;, dzi\u0119ki kt\u00f3remu zosta\u0142 wydany tomik pod tym samym tytu\u0142em), <\/em><\/li>\n<li><em>konkursy czytelnicze (np.&#8221; Czytam bo lubi\u0119&#8221;), <\/em><\/li>\n<li><em>turnieje czytelnicze,<\/em><\/li>\n<\/ul>\n<p>&nbsp;<\/p>\n<p>&nbsp;<\/p>\n<ul type=\"square\">\n<li><em>szkolenia bibliotekarzy.<\/em><\/li>\n<\/ul>\n<p>&nbsp;<\/p>\n<p>&nbsp;<\/p>\n","protected":false},"excerpt":{"rendered":"<p>\u00a0 Kliknij, by wej\u015b\u0107 na stron\u0119 Facebook GOK w Majdnie Kr\u00f3lewskim Oficjalny fanpage Gminnego O\u015brodka Kultury w Majdanie Kr\u00f3lewskim \u00a0 \u00a0 Gminny O\u015brodek Kultury ul. Rzeszowska 8 36-110 Majdan Kr\u00f3lewski tel.\/faks: (15) 847-10-83 Gminny O\u015brodek Kultury w Majdanie Kr\u00f3lewskim prowadzi: zaj\u0119cia plastyczne, &nbsp; zaj\u0119cia muzyczne &#8211; zespo\u0142y instrumentalno-wokalne, obrz\u0119dowy Ko\u0142a Gospody\u0144 Wiejskich z Huty Komorowskiej, [&hellip;]<\/p>\n","protected":false},"author":1,"featured_media":0,"parent":0,"menu_order":0,"comment_status":"open","ping_status":"open","template":"","meta":{"footnotes":""},"class_list":["post-706","page","type-page","status-publish","hentry"],"_links":{"self":[{"href":"https:\/\/www.majdankrolewski.eu\/index.php\/wp-json\/wp\/v2\/pages\/706","targetHints":{"allow":["GET"]}}],"collection":[{"href":"https:\/\/www.majdankrolewski.eu\/index.php\/wp-json\/wp\/v2\/pages"}],"about":[{"href":"https:\/\/www.majdankrolewski.eu\/index.php\/wp-json\/wp\/v2\/types\/page"}],"author":[{"embeddable":true,"href":"https:\/\/www.majdankrolewski.eu\/index.php\/wp-json\/wp\/v2\/users\/1"}],"replies":[{"embeddable":true,"href":"https:\/\/www.majdankrolewski.eu\/index.php\/wp-json\/wp\/v2\/comments?post=706"}],"version-history":[{"count":6,"href":"https:\/\/www.majdankrolewski.eu\/index.php\/wp-json\/wp\/v2\/pages\/706\/revisions"}],"predecessor-version":[{"id":11067,"href":"https:\/\/www.majdankrolewski.eu\/index.php\/wp-json\/wp\/v2\/pages\/706\/revisions\/11067"}],"wp:attachment":[{"href":"https:\/\/www.majdankrolewski.eu\/index.php\/wp-json\/wp\/v2\/media?parent=706"}],"curies":[{"name":"wp","href":"https:\/\/api.w.org\/{rel}","templated":true}]}}