{"id":701,"date":"2009-01-23T17:49:06","date_gmt":"2009-01-23T15:49:06","guid":{"rendered":"http:\/\/www.majdankrolewski.eu\/?page_id=701"},"modified":"2011-03-15T09:38:30","modified_gmt":"2011-03-15T08:38:30","slug":"sport-w-gminie","status":"publish","type":"page","link":"https:\/\/www.majdankrolewski.eu\/index.php\/sport-w-gminie\/","title":{"rendered":"Sport w gminie"},"content":{"rendered":"<p>Na terenie gminy Majdan Kr\u00f3lewski dzia\u0142aj\u0105 Kluby Sportowe:\u00a0 KS &#8222;Korona&#8221; Majdan Kr\u00f3lewski, Klub\u00a0Sportowy LZS &#8222;Krz\u0105tka&#8221;, Klub Sportowy UKS &#8222;B\u0142\u0119kitni&#8221; Komor\u00f3w, UKS &#8222;Korze\u0144&#8221; Huta Komorowska.<\/p>\n<p>W gminie funkcjonuj\u0105\u00a0 stadiony sportowe:<br \/>\nw Majdanie Kr\u00f3lewskim, Komorowie, Hucie Komorowskiej i Krz\u0105tce.<\/p>\n<p>Strony www Klub\u00f3w sportowych<br \/>\n(prezentowane s\u0105: wyniki meczy, historia klubu oraz inne wa\u017cne wydarzenia z \u017cycia klub\u00f3w)<\/p>\n<p>Klub Sportowy\u00a0&#8222;Korona&#8221;: \u00a0<a href=\"http:\/\/www.koronamk.com\/\" target=\"_blank\">http:\/\/www.koronamk.com\/<\/a><br \/>\nKlub\u00a0Sportowy LZS &#8222;Krz\u0105tka&#8221;:\u00a0 <a href=\"http:\/\/krzatka.futbolowo.pl\/\">http:\/\/krzatka.futbolowo.pl\/<\/a><br \/>\nKlub Sportowy UKS &#8222;B\u0142\u0119kitni&#8221; Komor\u00f3w: <a href=\"http:\/\/blekitnikomorow.futbolowo.pl\/\">http:\/\/blekitnikomorow.futbolowo.pl\/<\/a><br \/>\nKlub Sportowy UKS &#8222;Korze\u0144&#8221; Huta Komorowska <a href=\"http:\/\/ukskorzen.futbolowo.pl\/\">http:\/\/ukskorzen.futbolowo.pl\/<\/a>.<\/p>\n","protected":false},"excerpt":{"rendered":"<p>Na terenie gminy Majdan Kr\u00f3lewski dzia\u0142aj\u0105 Kluby Sportowe:\u00a0 KS &#8222;Korona&#8221; Majdan Kr\u00f3lewski, Klub\u00a0Sportowy LZS &#8222;Krz\u0105tka&#8221;, Klub Sportowy UKS &#8222;B\u0142\u0119kitni&#8221; Komor\u00f3w, UKS &#8222;Korze\u0144&#8221; Huta Komorowska. W gminie funkcjonuj\u0105\u00a0 stadiony sportowe: w Majdanie Kr\u00f3lewskim, Komorowie, Hucie Komorowskiej i Krz\u0105tce. Strony www Klub\u00f3w sportowych (prezentowane s\u0105: wyniki meczy, historia klubu oraz inne wa\u017cne wydarzenia z \u017cycia klub\u00f3w) Klub [&hellip;]<\/p>\n","protected":false},"author":1,"featured_media":0,"parent":0,"menu_order":0,"comment_status":"open","ping_status":"open","template":"","meta":{"footnotes":""},"class_list":["post-701","page","type-page","status-publish","hentry"],"_links":{"self":[{"href":"https:\/\/www.majdankrolewski.eu\/index.php\/wp-json\/wp\/v2\/pages\/701","targetHints":{"allow":["GET"]}}],"collection":[{"href":"https:\/\/www.majdankrolewski.eu\/index.php\/wp-json\/wp\/v2\/pages"}],"about":[{"href":"https:\/\/www.majdankrolewski.eu\/index.php\/wp-json\/wp\/v2\/types\/page"}],"author":[{"embeddable":true,"href":"https:\/\/www.majdankrolewski.eu\/index.php\/wp-json\/wp\/v2\/users\/1"}],"replies":[{"embeddable":true,"href":"https:\/\/www.majdankrolewski.eu\/index.php\/wp-json\/wp\/v2\/comments?post=701"}],"version-history":[{"count":6,"href":"https:\/\/www.majdankrolewski.eu\/index.php\/wp-json\/wp\/v2\/pages\/701\/revisions"}],"predecessor-version":[{"id":7451,"href":"https:\/\/www.majdankrolewski.eu\/index.php\/wp-json\/wp\/v2\/pages\/701\/revisions\/7451"}],"wp:attachment":[{"href":"https:\/\/www.majdankrolewski.eu\/index.php\/wp-json\/wp\/v2\/media?parent=701"}],"curies":[{"name":"wp","href":"https:\/\/api.w.org\/{rel}","templated":true}]}}